{"id":239,"date":"2026-03-26T12:49:10","date_gmt":"2026-03-26T11:49:10","guid":{"rendered":"https:\/\/ops.wladyslawowo.pl\/?page_id=239"},"modified":"2026-03-27T15:02:26","modified_gmt":"2026-03-27T14:02:26","slug":"asystent-osobisty-osoby-z-niepelnosprawnoscia","status":"publish","type":"page","link":"https:\/\/ops.wladyslawowo.pl\/index.php\/asystent-osobisty-osoby-z-niepelnosprawnoscia\/","title":{"rendered":"asystent osobisty osoby z niepe\u0142nosprawno\u015bci\u0105"},"content":{"rendered":"\n<p><\/p>\n\n\n\n<figure class=\"wp-block-image aligncenter size-full\"><img loading=\"lazy\" decoding=\"async\" width=\"623\" height=\"113\" src=\"https:\/\/ops.wladyslawowo.pl\/wp-content\/uploads\/2026\/03\/obraz-1.png\" alt=\"\" class=\"wp-image-242\" srcset=\"https:\/\/ops.wladyslawowo.pl\/wp-content\/uploads\/2026\/03\/obraz-1.png 623w, https:\/\/ops.wladyslawowo.pl\/wp-content\/uploads\/2026\/03\/obraz-1-300x54.png 300w\" sizes=\"auto, (max-width: 623px) 100vw, 623px\" \/><\/figure>\n\n\n\n<h1 class=\"wp-block-heading has-text-align-center has-medium-font-size\">Nab\u00f3r wniosk\u00f3w w ramach resortowego programu Ministra Rodziny, Pracy i Polityki Spo\u0142ecznej \u201eAsystent osobisty osoby z niepe\u0142nosprawno\u015bci\u0105\u201d dla Jednostek Samorz\u0105du Terytorialnego \u2013 edycja 2026<\/h1>\n\n\n\n<p>Przez <a href=\"https:\/\/ops.wladyslawowo.pl\/index.php\/author\/a-barzowskaops-wladyslawowo-pl\/?customize_changeset_uuid=f9bbc9c0-6c07-42c5-968e-23c905be0763&amp;customize_autosaved=on&amp;customize_messenger_channel=preview-11\">Alicja Barzowska<\/a> \/ 2026-01-22<\/p>\n\n\n\n<p>O\u015brodek Pomocy Spo\u0142ecznej we W\u0142adys\u0142awowie &nbsp;informuje, \u017ce Ministerstwo Rodziny, Pracy i Polityki Spo\u0142ecznej og\u0142osi\u0142o rozpocz\u0119cie naboru wniosk\u00f3w do Programu \u201eAsystent osobisty osoby &nbsp;z &nbsp;niepe\u0142nosprawno\u015bci\u0105\u201d dla Jednostek Samorz\u0105du Terytorialnego \u2013 edycja 2026 \u2013 realizowanego ze \u015brodk\u00f3w Funduszu Solidarno\u015bciowego.<\/p>\n\n\n\n<p>Program mo\u017ce by\u0107 realizowany od 1 stycznia do 31 grudnia 2026 r.<\/p>\n\n\n\n<p><strong><u>Gmina W\u0142adys\u0142awowo wzorem lat ubieg\u0142ych przyst\u0105pi\u0142a do Programu.&nbsp;&nbsp;&nbsp;&nbsp;&nbsp;&nbsp;&nbsp;&nbsp;&nbsp;<\/u><\/strong><\/p>\n\n\n\n<p>Program ma na celu wspieranie&nbsp;os\u00f3b z niepe\u0142nosprawno\u015bciami&nbsp;w codziennym funkcjonowaniu, umo\u017cliwiaj\u0105c im wi\u0119ksz\u0105 samodzielno\u015b\u0107 oraz udzia\u0142 w \u017cyciu spo\u0142ecznym, kulturalnym i edukacyjnym.<\/p>\n\n\n\n<p>Asystent osobisty mo\u017ce pomaga\u0107 m.in. w:<\/p>\n\n\n\n<ul class=\"wp-block-list\">\n<li>codziennych czynno\u015bciach \u017cycia codziennego,<\/li>\n<\/ul>\n\n\n\n<ul class=\"wp-block-list\">\n<li>za\u0142atwianiu spraw urz\u0119dowych i kontaktach spo\u0142ecznych,<\/li>\n\n\n\n<li>uczestnictwie w wydarzeniach kulturalnych, edukacyjnych i spo\u0142ecznych.<\/li>\n<\/ul>\n\n\n\n<p>Pomoc w ramach programu skierowana jest do:<br>1) &nbsp; &nbsp; &nbsp; &nbsp; dzieci w wieku od 2. do 16. roku \u017cycia z orzeczeniem o niepe\u0142nosprawno\u015bci \u0142\u0105cznie ze wskazaniami: konieczno\u015bci sta\u0142ej lub d\u0142ugotrwa\u0142ej opieki lub pomocy innej osoby w zwi\u0105zku ze znacznie ograniczon\u0105 mo\u017cliwo\u015bci\u0105 samodzielnej egzystencji oraz konieczno\u015bci sta\u0142ego wsp\u00f3\u0142udzia\u0142u na co dzie\u0144 opiekuna dziecka w procesie jego leczenia, rehabilitacji i edukacji oraz<br>2) &nbsp; &nbsp; &nbsp; &nbsp; os\u00f3b niepe\u0142nosprawnych posiadaj\u0105cych orzeczenie:<br>a) &nbsp; &nbsp; &nbsp; &nbsp; o znacznym stopniu niepe\u0142nosprawno\u015bci albo<br>b) &nbsp; &nbsp; &nbsp; &nbsp; o umiarkowanym stopniu niepe\u0142nosprawno\u015bci albo<br>c) &nbsp; &nbsp; &nbsp; &nbsp; traktowane na r\u00f3wni z orzeczeniami wymienionymi w lit. a i b, zgodnie z art. 5 i art. 62 ustawy z dnia 27 sierpnia 1997 r. o rehabilitacji zawodowej i spo\u0142ecznej oraz zatrudnianiu os\u00f3b niepe\u0142nosprawnych.<\/p>\n\n\n\n<p>Szczeg\u00f3\u0142owe informacje o Programie mo\u017cna znale\u017a\u0107 na stronie Pe\u0142nomocnika Rz\u0105du do Spraw Os\u00f3b Niepe\u0142nosprawnych:<br><a href=\"https:\/\/niepelnosprawni.gov.pl\/program-fs\/nabor-wnioskow-w-ramach-resortowego-programu-ministra-rodziny-pracy-i-polityki-spolecznej-asystent-osobisty-osoby-z-niepelnosprawnoscia-dla-jednostek-samorzadu-terytorialnego\/\">Nab\u00f3r wniosk\u00f3w w ramach resortowego programu Ministra Rodziny, Pracy i Polityki Spo\u0142ecznej \u201eAsystent osobisty osoby z niepe\u0142nosprawno\u015bci\u0105\u201d dla Jednostek Samorz\u0105du Terytorialnego \u2013 edycja 2026<\/a><br>lub w O\u015brodku Pomocy Spo\u0142ecznej we W\u0142adys\u0142awowie, ul. Gen. J Hallera 19, 84-120<\/p>\n\n\n\n<p>Koordynator : Patrycja Renusz<br>tel. 604&nbsp;821&nbsp;158, &nbsp;58&nbsp;674 54 18<br>email: &nbsp;<a href=\"mailto:p.renusz@ops.wladyslawowo.pl\">p.renusz@ops.wladyslawowo.pl<\/a><\/p>\n\n\n\n<p><strong>Godziny otwarcia:<\/strong><br>poniedzia\u0142ek- pi\u0105tek od 7:30.00 do 15.30<br>Zg\u0142oszenia os\u00f3b zainteresowanych udzia\u0142em w Programie, na za\u0142\u0105czonym formularzu, &nbsp;przyjmowane s\u0105 osobi\u015bcie w O\u015brodku Pomocy Spo\u0142ecznej we W\u0142adys\u0142awowie, ul. Gen. J. Hallera 19 w godzinach pracy O\u015brodka, elektronicznie &nbsp;adres do e-dor\u0119cze\u0144 AE:PL-59803-73476-BTEAB-26 lub za po\u015brednictwem poczty od dnia og\u0142oszenia naboru tj. <strong>22.01.2026<\/strong> r. do <strong>30.01.2026<\/strong> r. Kolejno\u015b\u0107 zg\u0142osze\u0144 nie ma wp\u0142ywu na wynik naboru uczestnik\u00f3w do Programu.<\/p>\n\n\n\n<p>Druki dost\u0119pne s\u0105 te\u017c w siedzibie O\u015brodka Pomocy Spo\u0142ecznej we W\u0142adys\u0142awowie.<\/p>\n\n\n\n<p><a href=\"https:\/\/ops.wladyslawowo.pl\/wp-content\/uploads\/2026\/01\/Program-AOON-JST-2026_2-6.pdf\">Program-AOON-JST-2026<\/a><\/p>\n\n\n\n<p><a href=\"https:\/\/ops.wladyslawowo.pl\/wp-content\/uploads\/2026\/01\/Zalacznik-nr-8-do-Programu-AOON-JST-2026_karta-zakresu-czynnosci.pdf\">Zalacznik-nr-8-do-Programu-AOON-JST-2026_karta-zakresu-czynnosci<\/a><\/p>\n\n\n\n<p><a href=\"https:\/\/ops.wladyslawowo.pl\/wp-content\/uploads\/2026\/01\/Zalacznik-nr-9-do-Programu-AOON-JST-2026_karta_realizacji_uslug-1.pdf\">Zalacznik-nr-9-do-Programu-AOON-JST-2026_karta_realizacji_uslug<\/a><\/p>\n\n\n\n<p><a href=\"https:\/\/ops.wladyslawowo.pl\/wp-content\/uploads\/2026\/01\/Zalacznik-nr-10-do-Programu-AOON-JST-2026_ewidencja-przebiegu-pojazdu.pdf\">Zalacznik-nr-10-do-Programu-AOON-JST-2026_ewidencja-przebiegu-pojazdu<\/a><\/p>\n\n\n\n<p><a href=\"https:\/\/ops.wladyslawowo.pl\/wp-content\/uploads\/2026\/01\/Zalacznik-nr-11-do-Programu-AOON-JST-2026_ewidencja-przejazdu-innym-srodkiem-transportu.pdf\">Zalacznik-nr-11-do-Programu-AOON-JST-2026_ewidencja-przejazdu-innym-srodkiem-transportu<\/a><\/p>\n\n\n\n<p><a href=\"https:\/\/ops.wladyslawowo.pl\/wp-content\/uploads\/2026\/01\/Zalacznik-nr-12-do-Programu-AOON-JST-2026_ewidencja-biletow.pdf\">Zalacznik-nr-12-do-Programu-AOON-JST-2026_ewidencja-biletow<\/a><\/p>\n\n\n\n<p><a href=\"https:\/\/ops.wladyslawowo.pl\/wp-content\/uploads\/2026\/01\/Zalacznik-nr-7-do-Programu-AOON-JST-2026_karta_zgloszenia-1.docx\">Za\u0142\u0105cznik-nr-7-do-Programu-AOON-JST-2026_karta_zg\u0142oszenia<\/a><\/p>\n\n\n\n<p><a href=\"https:\/\/ops.wladyslawowo.pl\/wp-content\/uploads\/2026\/01\/img20260202_09005760.pdf\">Za\u0142\u0105cznik-nr-13-Klauzula informacyjna RODO<\/a><\/p>\n","protected":false},"excerpt":{"rendered":"<p>Nab\u00f3r wniosk\u00f3w w ramach resortowego programu Ministra Rodziny, Pracy i Polityki Spo\u0142ecznej \u201eAsystent osobisty osoby z niepe\u0142nosprawno\u015bci\u0105\u201d dla Jednostek Samorz\u0105du [&hellip;]<\/p>\n","protected":false},"author":4,"featured_media":0,"parent":0,"menu_order":0,"comment_status":"closed","ping_status":"closed","template":"","meta":{"site-sidebar-layout":"default","site-content-layout":"","ast-site-content-layout":"default","site-content-style":"default","site-sidebar-style":"default","ast-global-header-display":"","ast-banner-title-visibility":"","ast-main-header-display":"","ast-hfb-above-header-display":"","ast-hfb-below-header-display":"","ast-hfb-mobile-header-display":"","site-post-title":"disabled","ast-breadcrumbs-content":"","ast-featured-img":"","footer-sml-layout":"","ast-disable-related-posts":"","theme-transparent-header-meta":"","adv-header-id-meta":"","stick-header-meta":"","header-above-stick-meta":"","header-main-stick-meta":"","header-below-stick-meta":"","astra-migrate-meta-layouts":"default","ast-page-background-enabled":"default","ast-page-background-meta":{"desktop":{"background-color":"var(--ast-global-color-5)","background-image":"","background-repeat":"repeat","background-position":"center center","background-size":"auto","background-attachment":"scroll","background-type":"","background-media":"","overlay-type":"","overlay-color":"","overlay-opacity":"","overlay-gradient":""},"tablet":{"background-color":"","background-image":"","background-repeat":"repeat","background-position":"center center","background-size":"auto","background-attachment":"scroll","background-type":"","background-media":"","overlay-type":"","overlay-color":"","overlay-opacity":"","overlay-gradient":""},"mobile":{"background-color":"","background-image":"","background-repeat":"repeat","background-position":"center center","background-size":"auto","background-attachment":"scroll","background-type":"","background-media":"","overlay-type":"","overlay-color":"","overlay-opacity":"","overlay-gradient":""}},"ast-content-background-meta":{"desktop":{"background-color":"var(--ast-global-color-4)","background-image":"","background-repeat":"repeat","background-position":"center center","background-size":"auto","background-attachment":"scroll","background-type":"","background-media":"","overlay-type":"","overlay-color":"","overlay-opacity":"","overlay-gradient":""},"tablet":{"background-color":"var(--ast-global-color-4)","background-image":"","background-repeat":"repeat","background-position":"center center","background-size":"auto","background-attachment":"scroll","background-type":"","background-media":"","overlay-type":"","overlay-color":"","overlay-opacity":"","overlay-gradient":""},"mobile":{"background-color":"var(--ast-global-color-4)","background-image":"","background-repeat":"repeat","background-position":"center center","background-size":"auto","background-attachment":"scroll","background-type":"","background-media":"","overlay-type":"","overlay-color":"","overlay-opacity":"","overlay-gradient":""}},"footnotes":""},"class_list":["post-239","page","type-page","status-publish","hentry"],"_links":{"self":[{"href":"https:\/\/ops.wladyslawowo.pl\/index.php\/wp-json\/wp\/v2\/pages\/239","targetHints":{"allow":["GET"]}}],"collection":[{"href":"https:\/\/ops.wladyslawowo.pl\/index.php\/wp-json\/wp\/v2\/pages"}],"about":[{"href":"https:\/\/ops.wladyslawowo.pl\/index.php\/wp-json\/wp\/v2\/types\/page"}],"author":[{"embeddable":true,"href":"https:\/\/ops.wladyslawowo.pl\/index.php\/wp-json\/wp\/v2\/users\/4"}],"replies":[{"embeddable":true,"href":"https:\/\/ops.wladyslawowo.pl\/index.php\/wp-json\/wp\/v2\/comments?post=239"}],"version-history":[{"count":7,"href":"https:\/\/ops.wladyslawowo.pl\/index.php\/wp-json\/wp\/v2\/pages\/239\/revisions"}],"predecessor-version":[{"id":394,"href":"https:\/\/ops.wladyslawowo.pl\/index.php\/wp-json\/wp\/v2\/pages\/239\/revisions\/394"}],"wp:attachment":[{"href":"https:\/\/ops.wladyslawowo.pl\/index.php\/wp-json\/wp\/v2\/media?parent=239"}],"curies":[{"name":"wp","href":"https:\/\/api.w.org\/{rel}","templated":true}]}}

asystent osobisty osoby z niepełnosprawnością

<p></p>



<figure class="wp-block-image aligncenter size-full"><img loading="lazy" decoding="async" width="623" height="113" src="https://ops.wladyslawowo.pl/wp-content/uploads/2026/03/obraz-1.png" alt="" class="wp-image-242" srcset="https://ops.wladyslawowo.pl/wp-content/uploads/2026/03/obraz-1.png 623w, https://ops.wladyslawowo.pl/wp-content/uploads/2026/03/obraz-1-300x54.png 300w" sizes="auto, (max-width: 623px) 100vw, 623px" /></figure>



<h1 class="wp-block-heading has-text-align-center has-medium-font-size">Nabór wniosków w ramach resortowego programu Ministra Rodziny, Pracy i Polityki Społecznej „Asystent osobisty osoby z niepełnosprawnością” dla Jednostek Samorządu Terytorialnego – edycja 2026</h1>



<p>Przez <a href="https://ops.wladyslawowo.pl/index.php/author/a-barzowskaops-wladyslawowo-pl/?customize_changeset_uuid=f9bbc9c0-6c07-42c5-968e-23c905be0763&amp;customize_autosaved=on&amp;customize_messenger_channel=preview-11">Alicja Barzowska</a> / 2026-01-22</p>



<p>Ośrodek Pomocy Społecznej we Władysławowie &nbsp;informuje, że Ministerstwo Rodziny, Pracy i Polityki Społecznej ogłosiło rozpoczęcie naboru wniosków do Programu „Asystent osobisty osoby &nbsp;z &nbsp;niepełnosprawnością” dla Jednostek Samorządu Terytorialnego – edycja 2026 – realizowanego ze środków Funduszu Solidarnościowego.</p>



<p>Program może być realizowany od 1 stycznia do 31 grudnia 2026 r.</p>



<p><strong><u>Gmina Władysławowo wzorem lat ubiegłych przystąpiła do Programu.&nbsp;&nbsp;&nbsp;&nbsp;&nbsp;&nbsp;&nbsp;&nbsp;&nbsp;</u></strong></p>



<p>Program ma na celu wspieranie&nbsp;osób z niepełnosprawnościami&nbsp;w codziennym funkcjonowaniu, umożliwiając im większą samodzielność oraz udział w życiu społecznym, kulturalnym i edukacyjnym.</p>



<p>Asystent osobisty może pomagać m.in. w:</p>



<ul class="wp-block-list">
<li>codziennych czynnościach życia codziennego,</li>
</ul>



<ul class="wp-block-list">
<li>załatwianiu spraw urzędowych i kontaktach społecznych,</li>



<li>uczestnictwie w wydarzeniach kulturalnych, edukacyjnych i społecznych.</li>
</ul>



<p>Pomoc w ramach programu skierowana jest do:<br>1) &nbsp; &nbsp; &nbsp; &nbsp; dzieci w wieku od 2. do 16. roku życia z orzeczeniem o niepełnosprawności łącznie ze wskazaniami: konieczności stałej lub długotrwałej opieki lub pomocy innej osoby w związku ze znacznie ograniczoną możliwością samodzielnej egzystencji oraz konieczności stałego współudziału na co dzień opiekuna dziecka w procesie jego leczenia, rehabilitacji i edukacji oraz<br>2) &nbsp; &nbsp; &nbsp; &nbsp; osób niepełnosprawnych posiadających orzeczenie:<br>a) &nbsp; &nbsp; &nbsp; &nbsp; o znacznym stopniu niepełnosprawności albo<br>b) &nbsp; &nbsp; &nbsp; &nbsp; o umiarkowanym stopniu niepełnosprawności albo<br>c) &nbsp; &nbsp; &nbsp; &nbsp; traktowane na równi z orzeczeniami wymienionymi w lit. a i b, zgodnie z art. 5 i art. 62 ustawy z dnia 27 sierpnia 1997 r. o rehabilitacji zawodowej i społecznej oraz zatrudnianiu osób niepełnosprawnych.</p>



<p>Szczegółowe informacje o Programie można znaleźć na stronie Pełnomocnika Rządu do Spraw Osób Niepełnosprawnych:<br><a href="https://niepelnosprawni.gov.pl/program-fs/nabor-wnioskow-w-ramach-resortowego-programu-ministra-rodziny-pracy-i-polityki-spolecznej-asystent-osobisty-osoby-z-niepelnosprawnoscia-dla-jednostek-samorzadu-terytorialnego/">Nabór wniosków w ramach resortowego programu Ministra Rodziny, Pracy i Polityki Społecznej „Asystent osobisty osoby z niepełnosprawnością” dla Jednostek Samorządu Terytorialnego – edycja 2026</a><br>lub w Ośrodku Pomocy Społecznej we Władysławowie, ul. Gen. J Hallera 19, 84-120</p>



<p>Koordynator : Patrycja Renusz<br>tel. 604&nbsp;821&nbsp;158, &nbsp;58&nbsp;674 54 18<br>email: &nbsp;<a href="mailto:p.renusz@ops.wladyslawowo.pl">p.renusz@ops.wladyslawowo.pl</a></p>



<p><strong>Godziny otwarcia:</strong><br>poniedziałek- piątek od 7:30.00 do 15.30<br>Zgłoszenia osób zainteresowanych udziałem w Programie, na załączonym formularzu, &nbsp;przyjmowane są osobiście w Ośrodku Pomocy Społecznej we Władysławowie, ul. Gen. J. Hallera 19 w godzinach pracy Ośrodka, elektronicznie &nbsp;adres do e-doręczeń AE:PL-59803-73476-BTEAB-26 lub za pośrednictwem poczty od dnia ogłoszenia naboru tj. <strong>22.01.2026</strong> r. do <strong>30.01.2026</strong> r. Kolejność zgłoszeń nie ma wpływu na wynik naboru uczestników do Programu.</p>



<p>Druki dostępne są też w siedzibie Ośrodka Pomocy Społecznej we Władysławowie.</p>



<p><a href="https://ops.wladyslawowo.pl/wp-content/uploads/2026/01/Program-AOON-JST-2026_2-6.pdf">Program-AOON-JST-2026</a></p>



<p><a href="https://ops.wladyslawowo.pl/wp-content/uploads/2026/01/Zalacznik-nr-8-do-Programu-AOON-JST-2026_karta-zakresu-czynnosci.pdf">Zalacznik-nr-8-do-Programu-AOON-JST-2026_karta-zakresu-czynnosci</a></p>



<p><a href="https://ops.wladyslawowo.pl/wp-content/uploads/2026/01/Zalacznik-nr-9-do-Programu-AOON-JST-2026_karta_realizacji_uslug-1.pdf">Zalacznik-nr-9-do-Programu-AOON-JST-2026_karta_realizacji_uslug</a></p>



<p><a href="https://ops.wladyslawowo.pl/wp-content/uploads/2026/01/Zalacznik-nr-10-do-Programu-AOON-JST-2026_ewidencja-przebiegu-pojazdu.pdf">Zalacznik-nr-10-do-Programu-AOON-JST-2026_ewidencja-przebiegu-pojazdu</a></p>



<p><a href="https://ops.wladyslawowo.pl/wp-content/uploads/2026/01/Zalacznik-nr-11-do-Programu-AOON-JST-2026_ewidencja-przejazdu-innym-srodkiem-transportu.pdf">Zalacznik-nr-11-do-Programu-AOON-JST-2026_ewidencja-przejazdu-innym-srodkiem-transportu</a></p>



<p><a href="https://ops.wladyslawowo.pl/wp-content/uploads/2026/01/Zalacznik-nr-12-do-Programu-AOON-JST-2026_ewidencja-biletow.pdf">Zalacznik-nr-12-do-Programu-AOON-JST-2026_ewidencja-biletow</a></p>



<p><a href="https://ops.wladyslawowo.pl/wp-content/uploads/2026/01/Zalacznik-nr-7-do-Programu-AOON-JST-2026_karta_zgloszenia-1.docx">Załącznik-nr-7-do-Programu-AOON-JST-2026_karta_zgłoszenia</a></p>



<p><a href="https://ops.wladyslawowo.pl/wp-content/uploads/2026/01/img20260202_09005760.pdf">Załącznik-nr-13-Klauzula informacyjna RODO</a></p>

<p>Nabór wniosków w ramach resortowego programu Ministra Rodziny, Pracy i Polityki Społecznej „Asystent osobisty osoby z niepełnosprawnością” dla Jednostek Samorządu [&hellip;]</p>
