{"id":238,"date":"2026-03-26T13:05:45","date_gmt":"2026-03-26T12:05:45","guid":{"rendered":"https:\/\/ops.wladyslawowo.pl\/?page_id=238"},"modified":"2026-03-26T13:05:45","modified_gmt":"2026-03-26T12:05:45","slug":"opieka-wytchnieniowa","status":"publish","type":"page","link":"https:\/\/ops.wladyslawowo.pl\/index.php\/opieka-wytchnieniowa\/","title":{"rendered":"opieka wytchnieniowa"},"content":{"rendered":"\n<p><\/p>\n\n\n\n<hr class=\"wp-block-separator has-alpha-channel-opacity is-style-wide\"\/>\n\n\n\n<figure class=\"wp-block-image aligncenter size-full is-resized\"><img loading=\"lazy\" decoding=\"async\" width=\"590\" height=\"144\" src=\"https:\/\/ops.wladyslawowo.pl\/wp-content\/uploads\/2026\/03\/obraz-3.png\" alt=\"\" class=\"wp-image-253\" style=\"aspect-ratio:4.097173034420673;width:676px;height:auto\" srcset=\"https:\/\/ops.wladyslawowo.pl\/wp-content\/uploads\/2026\/03\/obraz-3.png 590w, https:\/\/ops.wladyslawowo.pl\/wp-content\/uploads\/2026\/03\/obraz-3-300x73.png 300w\" sizes=\"auto, (max-width: 590px) 100vw, 590px\" \/><\/figure>\n\n\n\n<p><\/p>\n\n\n\n<h1 class=\"wp-block-heading has-text-align-center has-ast-global-color-2-color has-text-color has-link-color has-medium-font-size wp-elements-f38e8faf13fdc080568f713d8a67580a\">Nab\u00f3r wniosk\u00f3w w ramach resortowego programu Ministra Rodziny, Pracy i Polityki Spo\u0142ecznej \u201eOpieka Wytchnieniowa\u201d dla Jednostek Samorz\u0105du Terytorialnego \u2013 edycja 2026<\/h1>\n\n\n\n<p><\/p>\n\n\n\n<p>O\u015brodek Pomocy Spo\u0142ecznej we W\u0142adys\u0142awowie &nbsp;informuje, i\u017c Gmina W\u0142adys\u0142awowo &nbsp;otrzyma\u0142a dofinansowanie na realizacj\u0119 Programu Ministra Rodziny, Pracy i Polityki Spo\u0142ecznej \u201eOpieka Wytchnieniowa\u201d \u2013 edycja 2026<\/p>\n\n\n\n<p>Us\u0142ugi opieki wytchnieniowej przyznawane b\u0119d\u0105 na podstawie Karty zg\u0142oszenia do Programu \u201eOpieka Wytchnieniowa\u201d dla Jednostek Samorz\u0105du Terytorialnego \u2013 edycja 2026, kt\u00f3rej wz\u00f3r stanowi za\u0142\u0105cznik nr 7 do Programu oraz na podstawie oceny indywidualnej sytuacji osoby z niepe\u0142nosprawno\u015bci\u0105.<\/p>\n\n\n\n<p>Gmina, przyznaj\u0105c us\u0142ugi opieki wytchnieniowej bierze pod uwag\u0119 stan zdrowia i sytuacj\u0119 \u017cyciow\u0105 uczestnik\u00f3w Programu oraz os\u00f3b z niepe\u0142nosprawno\u015bciami.: Gmina w pierwszej kolejno\u015bci uwzgl\u0119dnia potrzeby:<\/p>\n\n\n\n<p>1) cz\u0142onk\u00f3w rodzin lub opiekun\u00f3w sprawuj\u0105cych bezpo\u015bredni\u0105 opiek\u0119 nad osob\u0105<br>z niepe\u0142nosprawno\u015bci\u0105, kt\u00f3ra stale przebywa w domu i nie korzysta np. z o\u015brodka wsparcia, z plac\u00f3wki pobytu ca\u0142odobowego, z warsztatu terapii zaj\u0119ciowej, szko\u0142y i plac\u00f3wki, o kt\u00f3rych mowa w ustawie<br>&nbsp;z dnia 7 wrze\u015bnia 1991 r. o systemie o\u015bwiaty (Dz. U. z 2025 r. poz. 881), nie uczy si\u0119 lub nie studiuje,<\/p>\n\n\n\n<p>2) nieaktywnych zawodowo cz\u0142onk\u00f3w rodzin lub opiekun\u00f3w sprawuj\u0105cych bezpo\u015bredni\u0105 opiek\u0119 nad osob\u0105 z niepe\u0142nosprawno\u015bci\u0105, kt\u00f3rzy maj\u0105 ograniczone mo\u017cliwo\u015bci podejmowania aktywno\u015bci zawodowej ze wzgl\u0119du na konieczno\u015b\u0107 opiekowania si\u0119 osob\u0105 z niepe\u0142nosprawno\u015bci\u0105.<\/p>\n\n\n\n<p>Szczeg\u00f3\u0142owe informacje o Programie mo\u017cna znale\u017a\u0107 na stronie Pe\u0142nomocnika Rz\u0105du do Spraw Os\u00f3b Niepe\u0142nosprawnych: <a href=\"https:\/\/niepelnosprawni.gov.pl\/program-fs\/nabor-wnioskow-w-ramach-resortowego-programu-ministra-rodziny-pracy-i-polityki-spolecznej-opieka-wytchnieniowa-dla-jednostek-samorzadu-terytorialnego-edycja-2026\/\">https:\/\/niepelnosprawni.gov.pl\/program-fs\/nabor-wnioskow-w-ramach-resortowego-programu-ministra-rodziny-pracy-i-polityki-spolecznej-opieka-wytchnieniowa-dla-jednostek-samorzadu-terytorialnego-edycja-2026<\/a><br>lub w O\u015brodku Pomocy Spo\u0142ecznej we W\u0142adys\u0142awowie, ul. gen. J Hallera 19, 84-120<\/p>\n\n\n\n<p>Koordynator : Marta Andelbrat<br>tel.510-639-881, &nbsp;58&nbsp;674 54 18<br>email: <a href=\"mailto:m.andelbrat@ops.wladyslawowo.pl\">m.andelbrat@ops.wladyslawowo.pl<\/a><\/p>\n\n\n\n<p><strong>Godziny otwarcia:<\/strong><br>poniedzia\u0142ek- pi\u0105tek od 7:30.00 do 15.30<br>Zg\u0142oszenia os\u00f3b zainteresowanych udzia\u0142em w Programie, na za\u0142\u0105czonym formularzu, &nbsp;przyjmowane s\u0105 osobi\u015bcie w O\u015brodku Pomocy Spo\u0142ecznej we W\u0142adys\u0142awowie, ul. Gen. J. Hallera 19 w godzinach pracy O\u015brodka, elektronicznie &nbsp;adres do e-dor\u0119cze\u0144 AE:PL-59803-73476-BTEAB-26 lub za po\u015brednictwem poczty od dnia og\u0142oszenia naboru tj. <strong>20.02.2026<\/strong> r. do <strong>28.02.2026<\/strong> r. Kolejno\u015b\u0107 zg\u0142osze\u0144 nie ma wp\u0142ywu na wynik naboru uczestnik\u00f3w do Programu.<\/p>\n\n\n\n<p>Druki dost\u0119pne s\u0105 te\u017c w siedzibie O\u015brodka Pomocy Spo\u0142ecznej we W\u0142adys\u0142awowie.<\/p>\n\n\n\n<p><a href=\"https:\/\/ops.wladyslawowo.pl\/wp-content\/uploads\/2026\/02\/Zalacznik-nr-7-do-Programu-OW-JST-2026_karta-zgloszenia.pdf\">Zalacznik-nr-7-do-Programu-OW-JST-2026_karta-zgloszenia<\/a><\/p>\n\n\n\n<p><a href=\"https:\/\/ops.wladyslawowo.pl\/wp-content\/uploads\/2026\/02\/PROGRAM-OW-JST-EDYCJA-2026-1.pdf\">PROGRAM-OW-JST-EDYCJA-2026 <\/a><\/p>\n\n\n\n<p><a href=\"https:\/\/ops.wladyslawowo.pl\/wp-content\/uploads\/2026\/02\/Klauzula-informacyjna-RODO.pdf\">Klauzula informacyjna RODO<\/a><\/p>\n","protected":false},"excerpt":{"rendered":"<p>Nab\u00f3r wniosk\u00f3w w ramach resortowego programu Ministra Rodziny, Pracy i Polityki Spo\u0142ecznej \u201eOpieka Wytchnieniowa\u201d dla Jednostek Samorz\u0105du Terytorialnego \u2013 edycja [&hellip;]<\/p>\n","protected":false},"author":4,"featured_media":0,"parent":0,"menu_order":0,"comment_status":"closed","ping_status":"closed","template":"","meta":{"site-sidebar-layout":"default","site-content-layout":"","ast-site-content-layout":"default","site-content-style":"default","site-sidebar-style":"default","ast-global-header-display":"","ast-banner-title-visibility":"","ast-main-header-display":"","ast-hfb-above-header-display":"","ast-hfb-below-header-display":"","ast-hfb-mobile-header-display":"","site-post-title":"disabled","ast-breadcrumbs-content":"","ast-featured-img":"","footer-sml-layout":"","ast-disable-related-posts":"","theme-transparent-header-meta":"","adv-header-id-meta":"","stick-header-meta":"","header-above-stick-meta":"","header-main-stick-meta":"","header-below-stick-meta":"","astra-migrate-meta-layouts":"default","ast-page-background-enabled":"default","ast-page-background-meta":{"desktop":{"background-color":"var(--ast-global-color-5)","background-image":"","background-repeat":"repeat","background-position":"center center","background-size":"auto","background-attachment":"scroll","background-type":"","background-media":"","overlay-type":"","overlay-color":"","overlay-opacity":"","overlay-gradient":""},"tablet":{"background-color":"","background-image":"","background-repeat":"repeat","background-position":"center center","background-size":"auto","background-attachment":"scroll","background-type":"","background-media":"","overlay-type":"","overlay-color":"","overlay-opacity":"","overlay-gradient":""},"mobile":{"background-color":"","background-image":"","background-repeat":"repeat","background-position":"center center","background-size":"auto","background-attachment":"scroll","background-type":"","background-media":"","overlay-type":"","overlay-color":"","overlay-opacity":"","overlay-gradient":""}},"ast-content-background-meta":{"desktop":{"background-color":"var(--ast-global-color-4)","background-image":"","background-repeat":"repeat","background-position":"center center","background-size":"auto","background-attachment":"scroll","background-type":"","background-media":"","overlay-type":"","overlay-color":"","overlay-opacity":"","overlay-gradient":""},"tablet":{"background-color":"var(--ast-global-color-4)","background-image":"","background-repeat":"repeat","background-position":"center center","background-size":"auto","background-attachment":"scroll","background-type":"","background-media":"","overlay-type":"","overlay-color":"","overlay-opacity":"","overlay-gradient":""},"mobile":{"background-color":"var(--ast-global-color-4)","background-image":"","background-repeat":"repeat","background-position":"center center","background-size":"auto","background-attachment":"scroll","background-type":"","background-media":"","overlay-type":"","overlay-color":"","overlay-opacity":"","overlay-gradient":""}},"footnotes":""},"class_list":["post-238","page","type-page","status-publish","hentry"],"_links":{"self":[{"href":"https:\/\/ops.wladyslawowo.pl\/index.php\/wp-json\/wp\/v2\/pages\/238","targetHints":{"allow":["GET"]}}],"collection":[{"href":"https:\/\/ops.wladyslawowo.pl\/index.php\/wp-json\/wp\/v2\/pages"}],"about":[{"href":"https:\/\/ops.wladyslawowo.pl\/index.php\/wp-json\/wp\/v2\/types\/page"}],"author":[{"embeddable":true,"href":"https:\/\/ops.wladyslawowo.pl\/index.php\/wp-json\/wp\/v2\/users\/4"}],"replies":[{"embeddable":true,"href":"https:\/\/ops.wladyslawowo.pl\/index.php\/wp-json\/wp\/v2\/comments?post=238"}],"version-history":[{"count":10,"href":"https:\/\/ops.wladyslawowo.pl\/index.php\/wp-json\/wp\/v2\/pages\/238\/revisions"}],"predecessor-version":[{"id":352,"href":"https:\/\/ops.wladyslawowo.pl\/index.php\/wp-json\/wp\/v2\/pages\/238\/revisions\/352"}],"wp:attachment":[{"href":"https:\/\/ops.wladyslawowo.pl\/index.php\/wp-json\/wp\/v2\/media?parent=238"}],"curies":[{"name":"wp","href":"https:\/\/api.w.org\/{rel}","templated":true}]}}

<p></p>



<hr class="wp-block-separator has-alpha-channel-opacity is-style-wide"/>



<figure class="wp-block-image aligncenter size-full is-resized"><img loading="lazy" decoding="async" width="590" height="144" src="https://ops.wladyslawowo.pl/wp-content/uploads/2026/03/obraz-3.png" alt="" class="wp-image-253" style="aspect-ratio:4.097173034420673;width:676px;height:auto" srcset="https://ops.wladyslawowo.pl/wp-content/uploads/2026/03/obraz-3.png 590w, https://ops.wladyslawowo.pl/wp-content/uploads/2026/03/obraz-3-300x73.png 300w" sizes="auto, (max-width: 590px) 100vw, 590px" /></figure>



<p></p>



<h1 class="wp-block-heading has-text-align-center has-ast-global-color-2-color has-text-color has-link-color has-medium-font-size wp-elements-f38e8faf13fdc080568f713d8a67580a">Nabór wniosków w ramach resortowego programu Ministra Rodziny, Pracy i Polityki Społecznej „Opieka Wytchnieniowa” dla Jednostek Samorządu Terytorialnego – edycja 2026</h1>



<p></p>



<p>Ośrodek Pomocy Społecznej we Władysławowie &nbsp;informuje, iż Gmina Władysławowo &nbsp;otrzymała dofinansowanie na realizację Programu Ministra Rodziny, Pracy i Polityki Społecznej „Opieka Wytchnieniowa” – edycja 2026</p>



<p>Usługi opieki wytchnieniowej przyznawane będą na podstawie Karty zgłoszenia do Programu „Opieka Wytchnieniowa” dla Jednostek Samorządu Terytorialnego – edycja 2026, której wzór stanowi załącznik nr 7 do Programu oraz na podstawie oceny indywidualnej sytuacji osoby z niepełnosprawnością.</p>



<p>Gmina, przyznając usługi opieki wytchnieniowej bierze pod uwagę stan zdrowia i sytuację życiową uczestników Programu oraz osób z niepełnosprawnościami.: Gmina w pierwszej kolejności uwzględnia potrzeby:</p>



<p>1) członków rodzin lub opiekunów sprawujących bezpośrednią opiekę nad osobą<br>z niepełnosprawnością, która stale przebywa w domu i nie korzysta np. z ośrodka wsparcia, z placówki pobytu całodobowego, z warsztatu terapii zajęciowej, szkoły i placówki, o których mowa w ustawie<br>&nbsp;z dnia 7 września 1991 r. o systemie oświaty (Dz. U. z 2025 r. poz. 881), nie uczy się lub nie studiuje,</p>



<p>2) nieaktywnych zawodowo członków rodzin lub opiekunów sprawujących bezpośrednią opiekę nad osobą z niepełnosprawnością, którzy mają ograniczone możliwości podejmowania aktywności zawodowej ze względu na konieczność opiekowania się osobą z niepełnosprawnością.</p>



<p>Szczegółowe informacje o Programie można znaleźć na stronie Pełnomocnika Rządu do Spraw Osób Niepełnosprawnych: <a href="https://niepelnosprawni.gov.pl/program-fs/nabor-wnioskow-w-ramach-resortowego-programu-ministra-rodziny-pracy-i-polityki-spolecznej-opieka-wytchnieniowa-dla-jednostek-samorzadu-terytorialnego-edycja-2026/">https://niepelnosprawni.gov.pl/program-fs/nabor-wnioskow-w-ramach-resortowego-programu-ministra-rodziny-pracy-i-polityki-spolecznej-opieka-wytchnieniowa-dla-jednostek-samorzadu-terytorialnego-edycja-2026</a><br>lub w Ośrodku Pomocy Społecznej we Władysławowie, ul. gen. J Hallera 19, 84-120</p>



<p>Koordynator : Marta Andelbrat<br>tel.510-639-881, &nbsp;58&nbsp;674 54 18<br>email: <a href="mailto:m.andelbrat@ops.wladyslawowo.pl">m.andelbrat@ops.wladyslawowo.pl</a></p>



<p><strong>Godziny otwarcia:</strong><br>poniedziałek- piątek od 7:30.00 do 15.30<br>Zgłoszenia osób zainteresowanych udziałem w Programie, na załączonym formularzu, &nbsp;przyjmowane są osobiście w Ośrodku Pomocy Społecznej we Władysławowie, ul. Gen. J. Hallera 19 w godzinach pracy Ośrodka, elektronicznie &nbsp;adres do e-doręczeń AE:PL-59803-73476-BTEAB-26 lub za pośrednictwem poczty od dnia ogłoszenia naboru tj. <strong>20.02.2026</strong> r. do <strong>28.02.2026</strong> r. Kolejność zgłoszeń nie ma wpływu na wynik naboru uczestników do Programu.</p>



<p>Druki dostępne są też w siedzibie Ośrodka Pomocy Społecznej we Władysławowie.</p>



<p><a href="https://ops.wladyslawowo.pl/wp-content/uploads/2026/02/Zalacznik-nr-7-do-Programu-OW-JST-2026_karta-zgloszenia.pdf">Zalacznik-nr-7-do-Programu-OW-JST-2026_karta-zgloszenia</a></p>



<p><a href="https://ops.wladyslawowo.pl/wp-content/uploads/2026/02/PROGRAM-OW-JST-EDYCJA-2026-1.pdf">PROGRAM-OW-JST-EDYCJA-2026 </a></p>



<p><a href="https://ops.wladyslawowo.pl/wp-content/uploads/2026/02/Klauzula-informacyjna-RODO.pdf">Klauzula informacyjna RODO</a></p>

<p>Nabór wniosków w ramach resortowego programu Ministra Rodziny, Pracy i Polityki Społecznej „Opieka Wytchnieniowa” dla Jednostek Samorządu Terytorialnego – edycja [&hellip;]</p>
