{"id":172,"date":"2026-03-26T13:05:45","date_gmt":"2026-03-26T12:05:45","guid":{"rendered":"https:\/\/ops.wladyslawowo.pl\/?page_id=172"},"modified":"2026-03-27T15:03:57","modified_gmt":"2026-03-27T14:03:57","slug":"zespol-interdyscyplinarny","status":"publish","type":"page","link":"https:\/\/ops.wladyslawowo.pl\/index.php\/zespol-interdyscyplinarny\/","title":{"rendered":"zesp\u00f3\u0142 interdyscyplinarny"},"content":{"rendered":"\n<hr class=\"wp-block-separator has-alpha-channel-opacity is-style-wide\"\/>\n\n\n\n<figure class=\"wp-block-image size-full is-resized\"><img loading=\"lazy\" decoding=\"async\" width=\"270\" height=\"192\" src=\"https:\/\/ops.wladyslawowo.pl\/wp-content\/uploads\/2026\/03\/zi-e1774341187432.jpg\" alt=\"\" class=\"wp-image-325\" style=\"width:325px;height:auto\"\/><\/figure>\n\n\n\n<p class=\"has-medium-font-size\">Dnia 15 sierpnia 2023r. wesz\u0142y w \u017cycie zmiany do ustawy o przeciwdzia\u0142aniu przemocy domowej, maj\u0105 one poprawi\u0107 funkcjonowanie systemu przeciwdzia\u0142ania przemocy. W tym celu powo\u0142any zosta\u0142 <strong>Zesp\u00f3\u0142 interdyscyplinarny<\/strong>, kt\u00f3ry stanowi najwa\u017cniejsze ogniwo gminnego systemu przeciwdzia\u0142ania przemocy domowej. Celem zespo\u0142u jest skupienie przedstawicieli wszystkich instytucji i s\u0142u\u017cb, kt\u00f3rych wsp\u00f3lne dzia\u0142ania maj\u0105 kompleksowo przyczynia\u0107 si\u0119 do ograniczenia zjawiska przemocy domowej, a tak\u017ce do stworzenia sytemu wsparcia dla os\u00f3b i rodzin jej doznaj\u0105cych.&nbsp; Zesp\u00f3\u0142 Interdyscyplinarny powo\u0142uje Burmistrz &#8211; zarz\u0105dzeniem, za\u015b zesp\u00f3\u0142 powo\u0142uje grupy diagnostyczno &#8211; pomocowe, kt\u00f3re opracowuj\u0105 indywidualne plany pomocy dla os\u00f3b doznaj\u0105cych przemocy domowej oraz inicjuj\u0105 dzia\u0142ania maj\u0105ce na celu zmian\u0119 post\u0119powania osoby stosuj\u0105cej przemoc.<\/p>\n\n\n\n<p class=\"has-medium-font-size\"><strong>Sk\u0142ad Zespo\u0142u:<\/strong><\/p>\n\n\n\n<ul class=\"wp-block-list\">\n<li>Przewodnicz\u0105ca Zespo\u0142u: Anna Wielhorska &#8211; przedstawiciel O\u015brodka Pomocy Spo\u0142ecznej we W\u0142adys\u0142awowie,<\/li>\n\n\n\n<li>Zast\u0119pca Przewodnicz\u0105cego Zespo\u0142u Interdyscyplinarnego: Micha\u0142 Falkowski&nbsp; przedstawiciel Stra\u017cy Miejskiej we W\u0142adys\u0142awowie,<\/li>\n\n\n\n<li>sier\u017c.szt. Michalina Patelczyk przedstawiciel Komisariatu Policji we W\u0142adys\u0142awowie<\/li>\n\n\n\n<li>Katarzyna Miler- przedstawiciel o\u015bwiaty<\/li>\n\n\n\n<li>Katarzyna Miler- przedstawiciel o\u015bwiaty<\/li>\n\n\n\n<li>Aneta Drozdowska &#8211; Nasta\u0142y &#8211; przedstawiciel s\u0142u\u017cby zdrowia<\/li>\n\n\n\n<li>Gabriela Urynowicz &#8211; przedstawiciel Klubu Abstynenta &#8222;Ster&#8221; W\u0142adys\u0142awowskiego Stowarzyszenia Rodzin Abstynenckich i Ofiar Przemocy w Rodzinie<\/li>\n\n\n\n<li>Natalia Baran &#8211; przedstawiciel s\u0105du,<\/li>\n\n\n\n<li>Bo\u017cena Chech\u0142acz &#8211; Twardowska &#8211; &#8211; przedstawiciel Gminnej Komisji Rozwi\u0105zywania Problem\u00f3w Alkoholowych,<\/li>\n\n\n\n<li>Monika Derkowska &#8211; przedstawiciel Prokuratury Rejonowej w Pucku,<\/li>\n\n\n\n<li>Kornelia Trafankowska &#8211; przedstawiciel O\u015brodka Pomocy Spo\u0142ecznej we W\u0142adys\u0142awowie.<\/li>\n<\/ul>\n\n\n\n<p class=\"has-medium-font-size\">&nbsp;___________________________________________________<\/p>\n\n\n\n<p class=\"has-medium-font-size\"><strong>Dane kontaktowe:<\/strong><\/p>\n\n\n\n<p class=\"has-medium-font-size\">O\u015brodek Pomocy Spo\u0142ecznej, ul. gen. J. Hallera 19, 84-120 W\u0142adys\u0142awowo<\/p>\n\n\n\n<p class=\"has-ast-global-color-1-color has-text-color has-link-color has-medium-font-size wp-elements-471dc78cd63c9b87ee1163e5d7812d4f\">tel. 586 740 319 lub&nbsp; 586 745 418&nbsp; e-mail:&nbsp; zi@ops.wladyslawowo.pl<\/p>\n\n\n\n<p><\/p>\n","protected":false},"excerpt":{"rendered":"<p>Dnia 15 sierpnia 2023r. wesz\u0142y w \u017cycie zmiany do ustawy o przeciwdzia\u0142aniu przemocy domowej, maj\u0105 one poprawi\u0107 funkcjonowanie systemu przeciwdzia\u0142ania [&hellip;]<\/p>\n","protected":false},"author":4,"featured_media":0,"parent":0,"menu_order":0,"comment_status":"closed","ping_status":"closed","template":"","meta":{"site-sidebar-layout":"default","site-content-layout":"","ast-site-content-layout":"default","site-content-style":"default","site-sidebar-style":"default","ast-global-header-display":"","ast-banner-title-visibility":"","ast-main-header-display":"","ast-hfb-above-header-display":"","ast-hfb-below-header-display":"","ast-hfb-mobile-header-display":"","site-post-title":"disabled","ast-breadcrumbs-content":"","ast-featured-img":"","footer-sml-layout":"","ast-disable-related-posts":"","theme-transparent-header-meta":"","adv-header-id-meta":"","stick-header-meta":"","header-above-stick-meta":"","header-main-stick-meta":"","header-below-stick-meta":"","astra-migrate-meta-layouts":"default","ast-page-background-enabled":"default","ast-page-background-meta":{"desktop":{"background-color":"var(--ast-global-color-5)","background-image":"","background-repeat":"repeat","background-position":"center center","background-size":"auto","background-attachment":"scroll","background-type":"","background-media":"","overlay-type":"","overlay-color":"","overlay-opacity":"","overlay-gradient":""},"tablet":{"background-color":"","background-image":"","background-repeat":"repeat","background-position":"center center","background-size":"auto","background-attachment":"scroll","background-type":"","background-media":"","overlay-type":"","overlay-color":"","overlay-opacity":"","overlay-gradient":""},"mobile":{"background-color":"","background-image":"","background-repeat":"repeat","background-position":"center center","background-size":"auto","background-attachment":"scroll","background-type":"","background-media":"","overlay-type":"","overlay-color":"","overlay-opacity":"","overlay-gradient":""}},"ast-content-background-meta":{"desktop":{"background-color":"var(--ast-global-color-4)","background-image":"","background-repeat":"repeat","background-position":"center center","background-size":"auto","background-attachment":"scroll","background-type":"","background-media":"","overlay-type":"","overlay-color":"","overlay-opacity":"","overlay-gradient":""},"tablet":{"background-color":"var(--ast-global-color-4)","background-image":"","background-repeat":"repeat","background-position":"center center","background-size":"auto","background-attachment":"scroll","background-type":"","background-media":"","overlay-type":"","overlay-color":"","overlay-opacity":"","overlay-gradient":""},"mobile":{"background-color":"var(--ast-global-color-4)","background-image":"","background-repeat":"repeat","background-position":"center center","background-size":"auto","background-attachment":"scroll","background-type":"","background-media":"","overlay-type":"","overlay-color":"","overlay-opacity":"","overlay-gradient":""}},"footnotes":""},"class_list":["post-172","page","type-page","status-publish","hentry"],"_links":{"self":[{"href":"https:\/\/ops.wladyslawowo.pl\/index.php\/wp-json\/wp\/v2\/pages\/172","targetHints":{"allow":["GET"]}}],"collection":[{"href":"https:\/\/ops.wladyslawowo.pl\/index.php\/wp-json\/wp\/v2\/pages"}],"about":[{"href":"https:\/\/ops.wladyslawowo.pl\/index.php\/wp-json\/wp\/v2\/types\/page"}],"author":[{"embeddable":true,"href":"https:\/\/ops.wladyslawowo.pl\/index.php\/wp-json\/wp\/v2\/users\/4"}],"replies":[{"embeddable":true,"href":"https:\/\/ops.wladyslawowo.pl\/index.php\/wp-json\/wp\/v2\/comments?post=172"}],"version-history":[{"count":8,"href":"https:\/\/ops.wladyslawowo.pl\/index.php\/wp-json\/wp\/v2\/pages\/172\/revisions"}],"predecessor-version":[{"id":398,"href":"https:\/\/ops.wladyslawowo.pl\/index.php\/wp-json\/wp\/v2\/pages\/172\/revisions\/398"}],"wp:attachment":[{"href":"https:\/\/ops.wladyslawowo.pl\/index.php\/wp-json\/wp\/v2\/media?parent=172"}],"curies":[{"name":"wp","href":"https:\/\/api.w.org\/{rel}","templated":true}]}}

zespół interdyscyplinarny

<hr class="wp-block-separator has-alpha-channel-opacity is-style-wide"/>



<figure class="wp-block-image size-full is-resized"><img loading="lazy" decoding="async" width="270" height="192" src="https://ops.wladyslawowo.pl/wp-content/uploads/2026/03/zi-e1774341187432.jpg" alt="" class="wp-image-325" style="width:325px;height:auto"/></figure>



<p class="has-medium-font-size">Dnia 15 sierpnia 2023r. weszły w życie zmiany do ustawy o przeciwdziałaniu przemocy domowej, mają one poprawić funkcjonowanie systemu przeciwdziałania przemocy. W tym celu powołany został <strong>Zespół interdyscyplinarny</strong>, który stanowi najważniejsze ogniwo gminnego systemu przeciwdziałania przemocy domowej. Celem zespołu jest skupienie przedstawicieli wszystkich instytucji i służb, których wspólne działania mają kompleksowo przyczyniać się do ograniczenia zjawiska przemocy domowej, a także do stworzenia sytemu wsparcia dla osób i rodzin jej doznających.&nbsp; Zespół Interdyscyplinarny powołuje Burmistrz &#8211; zarządzeniem, zaś zespół powołuje grupy diagnostyczno &#8211; pomocowe, które opracowują indywidualne plany pomocy dla osób doznających przemocy domowej oraz inicjują działania mające na celu zmianę postępowania osoby stosującej przemoc.</p>



<p class="has-medium-font-size"><strong>Skład Zespołu:</strong></p>



<ul class="wp-block-list">
<li>Przewodnicząca Zespołu: Anna Wielhorska &#8211; przedstawiciel Ośrodka Pomocy Społecznej we Władysławowie,</li>



<li>Zastępca Przewodniczącego Zespołu Interdyscyplinarnego: Michał Falkowski&nbsp; przedstawiciel Straży Miejskiej we Władysławowie,</li>



<li>sierż.szt. Michalina Patelczyk przedstawiciel Komisariatu Policji we Władysławowie</li>



<li>Katarzyna Miler- przedstawiciel oświaty</li>



<li>Katarzyna Miler- przedstawiciel oświaty</li>



<li>Aneta Drozdowska &#8211; Nastały &#8211; przedstawiciel służby zdrowia</li>



<li>Gabriela Urynowicz &#8211; przedstawiciel Klubu Abstynenta &#8222;Ster&#8221; Władysławowskiego Stowarzyszenia Rodzin Abstynenckich i Ofiar Przemocy w Rodzinie</li>



<li>Natalia Baran &#8211; przedstawiciel sądu,</li>



<li>Bożena Chechłacz &#8211; Twardowska &#8211; &#8211; przedstawiciel Gminnej Komisji Rozwiązywania Problemów Alkoholowych,</li>



<li>Monika Derkowska &#8211; przedstawiciel Prokuratury Rejonowej w Pucku,</li>



<li>Kornelia Trafankowska &#8211; przedstawiciel Ośrodka Pomocy Społecznej we Władysławowie.</li>
</ul>



<p class="has-medium-font-size">&nbsp;___________________________________________________</p>



<p class="has-medium-font-size"><strong>Dane kontaktowe:</strong></p>



<p class="has-medium-font-size">Ośrodek Pomocy Społecznej, ul. gen. J. Hallera 19, 84-120 Władysławowo</p>



<p class="has-ast-global-color-1-color has-text-color has-link-color has-medium-font-size wp-elements-471dc78cd63c9b87ee1163e5d7812d4f">tel. 586 740 319 lub&nbsp; 586 745 418&nbsp; e-mail:&nbsp; zi@ops.wladyslawowo.pl</p>



<p></p>

<p>Dnia 15 sierpnia 2023r. weszły w życie zmiany do ustawy o przeciwdziałaniu przemocy domowej, mają one poprawić funkcjonowanie systemu przeciwdziałania [&hellip;]</p>
